ase 16, what is -11 + -4452c7?
-4452d8
In base 9, what is 631 - 22460?
-21728
In base 3, what is -1122 + -121021001211010?
-121021001212202
In base 3, what is 12 - -2002221022011?
2002221022100
In base 10, what is -33924434 + -1?
-33924435
In base 7, what is 121014 - 411?
120303
In base 10, what is 2 + 19056754?
19056756
In base 2, what is 101011010001010011111010 + -111?
101011010001010011110011
In base 11, what is -637 + 2568?
1a31
In base 2, what is -1000000110 + 10101001001010?
10100001000100
In base 12, what is -2843b3 - -26?
-284389
In base 13, what is -1 - -2113767c?
2113767b
In base 3, what is 10222012111011110 + 0?
10222012111011110
In base 3, what is -11 + -102122002121011?
-102122002121022
In base 5, what is 14014 - 4223141?
-4204122
In base 14, what is 2 - -92551b9?
92551bb
In base 10, what is -161202 + 27?
-161175
In base 2, what is 100110011000001111000 + 0?
100110011000001111000
In base 15, what is 2 - 455722?
-455720
In base 7, what is 6202 - -2122253?
2131455
In base 13, what is 33c + a02c7?
a0636
In base 13, what is 13564 + -647?
12c1a
In base 12, what is -501626 - b?
-501635
In base 7, what is 1356404 + -3?
1356401
In base 3, what is 22211002120010010 + -10?
22211002120010000
In base 7, what is -5335563 + -550?
-5336443
In base 5, what is -14342010314 - 0?
-14342010314
In base 11, what is -8a472 + -1401?
-90873
In base 8, what is -5 + 11076774?
11076767
In base 13, what is -2122a5 - 251?
-212526
In base 5, what is 1120 - 2203440?
-2202320
In base 2, what is 111001011010011001 + 11001?
111001011010110010
In base 13, what is 121 - -5a81?
5ba2
In base 7, what is 12 - -41425246?
41425261
In base 5, what is 2 - 4434323004?
-4434323002
In base 2, what is -11 - 1001001101111110011101?
-1001001101111110100000
In base 3, what is 10201121 + 1202211112?
1220120010
In base 3, what is 200011 + -102212111122?
-102211211111
In base 11, what is -8a23 - 1466?
-a389
In base 5, what is -12142231 + 242011?
-11400220
In base 7, what is 6360345 + 5?
6360353
In base 6, what is 23102 + -1500454?
-1433352
In base 5, what is 10 - -432321022?
432321032
In base 11, what is 1018 - 1aa6?
-a89
In base 4, what is 1 + 10023333001003?
10023333001010
In base 16, what is -1f771 - d80?
-204f1
In base 8, what is 26160070 - 1?
26160067
In base 15, what is 11 - 548886?
-548875
In base 16, what is 2261 + 24d?
24ae
In base 2, what is -10001000010100111001110010110 - 101?
-10001000010100111001110011011
In base 16, what is 3432 - -45c1?
79f3
In base 3, what is 10201 - -210220021?
211000222
In base 9, what is -2503 - -1631?
-762
In base 5, what is 101224411 - 2244?
101222112
In base 15, what is -20341 + a2?
-2028e
In base 6, what is -123 + -115343131?
-115343254
In base 6, what is 5 - 14305500110?
-14305500101
In base 15, what is -5938e58 - 5?
-5938e5d
In base 2, what is 101111011000000 - -110100111011?
110101111111011
In base 7, what is 113 + 1425036?
1425152
In base 11, what is -2 + 3305723?
3305721
In base 8, what is 610421772 + 0?
610421772
In base 3, what is -222111000022202210 + -1?
-222111000022202211
In base 12, what is 3b - -703242?
703281
In base 12, what is -227b2 + 2320?
-20492
In base 5, what is 21 - 112311440?
-112311414
In base 4, what is -210312 - -3132010?
2321032
In base 3, what is -1021110022200000 + -12?
-1021110022200012
In base 11, what is 90941 - 51?
908a0
In base 9, what is -301 + -178060?
-178361
In base 2, what is -100010011001000111111111001 + 0?
-100010011001000111111111001
In base 4, what is 131 + 2301031003310?
2301031010101
In base 3, what is 111011212221 + -11001?
111011201220
In base 14, what is -b251 - 1d9?
-b44a
In base 10, what is -519790 + 6?
-519784
In base 12, what is 9705a9 + b0?
970699
In base 12, what is -1 + 16799038?
16799037
In base 9, what is -5382317 + -2?
-5382320
In base 14, what is 11d - 377c7?
-376a8
In base 9, what is -142286 - -353?
-141833
In base 6, what is 105 - 3350450?
-3350341
In base 4, what is -1230320 + 1323301?
32321
In base 7, what is -4 + 35001241?
35001234
In base 13, what is 14c - -64921?
64a70
In base 13, what is -333c25 - 10?
-333c35
In base 3, what is 11201 - 122110220?
-122022012
In base 8, what is 155 + 16753755?
16754132
In base 10, what is 47455130 - 4?
47455126
In base 4, what is 2122302210033 + -1?
2122302210032
In base 14, what is -630728 + 1?
-630727
In base 6, what is 240 + -33113115?
-33112435
In base 7, what is 0 + 42634100?
42634100
In base 13, what is -27a3 + 855b?
5a88
In base 11, what is 2717731 - -1?
2717732
In base 2, what is 1110 - 1000111101011101000?
-1000111101011011010
In base 7, what is 36 - 6233206?
-6233140
In base 3, what is -1001012021221022 - 1112?
-1001012021222211
In base 6, what is -55144551 + -22?
-55145013
In base 9, what is 56542278 + 2?
56542281
In base 4, what is 33230011 + 2002321?
101232332
In base 5, what is 43042101443 - 22?
43042101421
In base 13, what is c35684 + 3?
c35687
In base 4, what is 101231023 + 3101?
101300130
In base 9, what is 251 - 10023?
-8662
In base 11, what is 7 - 1155a8a?
-1155a83
In base 6, what is 35 + 2305500?
2305535
In base 5, what is 2 - 323330202?
-323330200
In base 4, what is 1333 + -11023011?
-11021012
In base 7, what is -3 + 1504033556?
1504033553
In base 10, what is 32582327 + -3?
32582324
In base 12, what is 4 - -799a91b?
799a923
In base 15, what is 406c8b - -ac?
406d48
In base 4, what is 121332 + 20022?
202020
In base 11, what is -4935 + -1a931?
-24766
In base 4, what is -1030 - 1320322000?
-1320323030
In base 12, what is -59068a + -24?
-5906b2
In base 14, what is -4 + -65c5539?
-65c553d
In base 12, what is -321a81 - 1?
-321a82
In base 16, what is 1a - 2e2e10?
-2e2df6
In base 8, what is -61 + -6522024?
-6522105
In base 14, what is b2229 - 42?
b21c7
In base 12, what is -196638565 - 4?
-196638569
In base 5, what is -2140331 - 1340?
-2142221
In base 7, what is -11313615 + -1?
-11313616
In base 14, what is -54c50 - -216?
-54a38
In base 5, what is 3024310031 - 12?
3024310014
In base 11, what is -16 + -200988?
-2009a3
In base 11, what is -4 + 4a73a?
4a736
In base 13, what is -852b97 - 75?
-852c3c
In base 9, what is 134188513 + -12?
134188501
In base 9, what is 640833 + 488?
641432
In base 7, what is -2 - 2201323364?
-2201323366
In base 2, what is 111011100100011110010101000 - -1?
111011100100011110010101001
In base 4, what is 2 + 20301132212110?
20301132212112
In base 2, what is -10010001101100 + -10010?
-10010001111110
In base 2, what is -101111 + -11000001101010?
-11000010011001
In base 15, what is 14 + -ae159?
-ae145
In base 4, what is -121233222 + 1200?
-121232022
In base 2, what is -1000001 + 10010100010111011111010?
10010100010111010111001
In base 10, what is -2 - -53264775?
53264773
In base 16, what is 769f1 + 48?
76a39
In base 13, what is -268 - -19656b?
196303
In base 3, what is -102 + -20000210100012?
-20000210100121
In base 10, what is -967235 - 77?
-967312
In base 10, what is 70166 - -4309?
74475
In base 10, what is -100317 + 40?
-100277
In base 14, what is -4 - -1a27cdc?
1a27cd8
In base 15, what is -6e48 - -1907?
-5541
In base 2, what is 10101001111110000010001 + -1110?
10101001111110000000011
In base 15, what is -1a52 - 8352?
-9da4
In base 3, what is 102022111 - 10201110?
21121001
In base 15, what is a0 + 3cb189?
3cb239
In base 4, what is -11310 - -3010123?
2332213
In base 9, what is -102715783 - 5?
-102715788
In base 15, what is 6baaab + 36?
6baae2
In base 4, what is 10 - -2100303022322?
2100303022332
In base 15, what is -2509 - b35?
-313e
In base 14, what is -867c - -25?
-8657
In base 5, what is 23233434 + 32?
23234021
In base 3, what is -2021022200 + 120221?
-2020201202
In base 12, what is 3393b33 + 1?
3393b34
In base 10, what is -1222729 - 24?
-1222753
In base 6, what is 4 + 3055325210?
3055325214
In base 13, what is 1690 - 839?
b54
In base 6, what is 11 + 2315424324?
2315424335
In base 11, what is 253670 - -29?
253699
In base 15, what is e25737 - -3?
e2573a
In base 4, what is 20313033103 + -10?
20313033033
In base 16, what is -173 - 6f588?
-6f6fb
In base 5, what is 32430142402 - -24?
32430142431
In base 14, what is -1 + 114a36?
114a35
In base 11, what is -4 + 2461a53?
2461a4a
In base 11, what is -581 + 12382?
11901
In base 8, what is -155331 + 667?
-154442
In base 9, what is 1055 + -21271?
-20215
In base 14, wha